pose 2*h - 525 = -13*h. Suppose -4*b + d = -70, b + h*d - 22 = 33*d. Calculate the greatest common factor of 6 and b.
6
Suppose 0 = -11*s + 815 + 1803. What is the highest common factor of s and 154?
14
Let w be (-6*(-3)/9)/(2/280). Let o = -168 + w. What is the highest common factor of 14 and o?
14
Suppose -2*q + 6*q = -164. Let r = 58 + q. Let b(h) = 3*h**2 - 17*h + 45. Let u be b(11). Calculate the highest common divisor of r and u.
17
Suppose 44 = 3*v - 4*t, t - 65 = -8*v + 4*v. Let y(r) = -r + 12. Let s be y(7). Suppose -s*k + v = 6. Calculate the greatest common divisor of 1 and k.
1
Let k = -535 - -807. Let s = 1109 + -751. Let a = -324 + s. What is the highest common factor of k and a?
34
Suppose 3*s = -s + 44. Let v(y) = y**2 + 6. Let h(r) = 5*r**2 + 30. Let p(w) = s*v(w) - 2*h(w). Let k be p(-3). What is the highest common factor of 120 and k?
15
Let h = 2085 - 4735. Let y be 0*1/4 - h/2. Suppose 0 = 8*x - y + 437. Calculate the highest common factor of x and 37.
37
Let h = 42 + -39. Suppose -2*z - 14 = -h*z. Suppose 2 = 5*g + 2*c, -6*c = g - 2*c + z. What is the highest common factor of 1 and g?
1
Let y(c) = 26*c**2 - 3*c + 3. Let f be y(3). Let j = -216 + f. Calculate the greatest common factor of 240 and j.
12
Suppose 0 = 3*m - 9, -4*t + 3*m - 454 = 471. Let i = -105 - t. Suppose -i = -5*g - 3*j, -7*j + 2*j - 10 = 0. What is the greatest common factor of 52 and g?
26
Suppose 0 = 4*p + p - 245. Suppose -2*k - 6 = 2*o, -2*k + 2*o = -8 + 2. Suppose -4*d - 13 + p = k. Calculate the greatest common divisor of 3 and d.
3
Suppose 227*a - 222*a - 45 = -3*c, 5*c = -3*a + 91. What is the greatest common factor of 20140 and c?
20
Suppose 3*k - 40 = -5*d, -2*d - 14 = -4*k - 4. Let h be (-2 - (-28)/(d/(-5)))*-13. What is the highest common divisor of 52 and h?
26
Let z(k) = -k**2 + 8*k + 11. Let u be z(9). Suppose u*s - 27 - 183 = 0. Calculate the highest common divisor of 35 and s.
35
Let d be (3 - (-120)/(-25))*10/(-6). Suppose -d*j - b + 209 = -1455, j - 552 = -3*b. Calculate the greatest common divisor of 15 and j.
15
Let o = 979 + -783. Suppose -21 + 33 = 3*n. Calculate the highest common divisor of o and n.
4
Suppose -808 = -a + 3*t, 132*t = -4*a + 128*t + 3296. Calculate the greatest common factor of a and 1435.
205
Let w = -1276 - -1871. What is the highest common factor of w and 70?
35
Let i = -62 - -139. Let f = i - -27. Let p = -61 + f. Calculate the highest common factor of 172 and p.
43
Suppose -8*t + 9*t + 5*c + 20 = 0, 20 = -4*c. Suppose -d + 173 = -3*o + 18, d + t*o - 179 = 0. What is the greatest common factor of 410 and d?
82
Suppose -4*x = -10*x + 24. Suppose -x*c + 20 = 12. Suppose -2*r + 20 = -c. Calculate the highest common divisor of 99 and r.
11
Let i(k) = 77*k**2 + 2*k - 2. Let g be i(1). Suppose g = -3*a - 223. Let b be (a/(-15))/(3/9). Calculate the greatest common divisor of 5 and b.
5
Suppose 5*p = -35, -x - 4*p + 48 - 16 = 0. Let r(a) = -a**2 - 12*a. Let f be r(-10). Calculate the highest common divisor of x and f.
20
Let u = -14162 - -14181. Calculate the greatest common factor of u and 8227.
19
Let p = 131 + -69. Let v = p + -38. Calculate the highest common divisor of 192 and v.
24
Let z(x) = 110*x - 6967. Let p be z(68). What is the greatest common factor of p and 10431?
171
Suppose 2*f - 35 = -5*f. Suppose -f*t = -4*a + 624, -4*t = -2*a - 0*a + 312. Suppose g - a = -5*g. What is the greatest common factor of 65 and g?
13
Suppose -9*b + 2244 = -3*b. Let i(p) = 2*p**3 - 2*p**2 - 5*p + 13. Let j be i(3). What is the highest common divisor of b and j?
34
Let x(l) = 51*l - 8. Let t(a) = 51*a - 8. Let r be (-21)/9 - 2*4/12. Let w(z) = r*t(z) + 2*x(z). Let o be w(-2). What is the greatest common factor of 10 and o?
10
Suppose -2*b - l + 2308 = 0, -12*l - 2298 = -2*b - 8*l. Let c be 2/11 - (6 + b/(-11)). Calculate the greatest common factor of c and 9.
9
Let c = -3002 - -3027. Calculate the highest common factor of c and 7300.
25
Let n(q) = -7*q - 39. Let c be n(-6). Suppose -3*j = -5*w + 54, -2*w - 5*j + c = -0*w. What is the greatest common factor of 3 and w?
3
Suppose 69*g = -k + 74*g + 4358, 3*g = -k + 4302. What is the greatest common divisor of k and 165?
33
Suppose -2*m = -5*s - 25 + 347, s = 4*m + 68. Suppose 4*f - 9*f + 9*f = 0. Suppose f*l = -2*l + s. What is the highest common divisor of 8 and l?
8
Let y be (-6)/30 - 222/(-10). Let s = -4782 + 4784. Calculate the greatest common factor of s and y.
2
Suppose 62*l + 46824 - 57736 = 0. Calculate the greatest common factor of 136 and l.
8
Let p be (((-22230)/20)/(-19))/((-12)/(-16)). Calculate the greatest common factor of p and 1222.
26
Let r = 529 - 478. Let a(q) = -q**2 + 9*q + 25. Let b be a(11). Calculate the greatest common factor of r and b.
3
Let h(z) = 165*z - 3047. Let u be h(19). What is the highest common factor of u and 9592?
88
Let a(r) = 5*r**2 - 2*r + 3. Let q be a(3). Suppose 30*i - 3690 = 24*i. Let w = i + -237. Calculate the highest common factor of q and w.
42
Let o be ((192/60)/(-8))/((-3)/480). What is the greatest common factor of o and 11104?
32
Let q(d) = -d**3 - 5*d**2 - 4*d - 5. Let u be q(-5). Let h be 10/6*10*27/6. Suppose h*p = 70*p + 50. Calculate the highest common factor of u and p.
5
Let v(z) = -89*z - 5. Let t be v(1). Let c = 100 + t. What is the greatest common factor of 3 and c?
3
Let b be -12 + (-12 - -21) + 98. Calculate the highest common factor of b and 35.
5
Suppose -12*u - 12*u = 11*u - 1680. Calculate the greatest common factor of u and 6096.
48
Suppose -5*y + 6 = -4. Suppose 5*f - 697 = 4*p, 5*p = 4*p - 4*f - 148. Let g = -167 - p. Calculate the greatest common divisor of y and g.
1
Suppose -5*o = l - 422, 0*l + 6 = 3*l. Let d = -281074 + 281098. What is the greatest common divisor of d and o?
12
Suppose -4*r = -2*c - 14, 5*r - 1 = 4*c + 6*r. Let h be -2 + 7 + (c - -45) + -1. What is the highest common divisor of h and 64?
16
Suppose -2*j - 241 = -5*l, 15*l - 19*l - 5*j = -206. What is the greatest common factor of 4361 and l?
49
Let m = 34359 + -24042. What is the highest common divisor of 57 and m?
57
Let y = -10899 + 11571. What is the highest common divisor of 408 and y?
24
Let q(k) = -k + 327. Let s be q(-6). What is the greatest common factor of s and 234?
9
Suppose 0 = -2*g - 0 + 8. Let h(u) = -107*u - 8041. Let f be h(-79). Calculate the highest common divisor of f and g.
4
Suppose 3*i - 497 = 4*r, -4*r + 616 = 10*i - 6*i. Calculate the greatest common divisor of i and 5989.
53
Suppose 16*c + 189 = -5*c. Let r be 1*(c*5)/(2/(-10)). Calculate the highest common factor of 9 and r.
9
Let m be (2 - 4 - 2)*-5. Let u = -10 - -116. Let q = u + -101. Calculate the greatest common divisor of q and m.
5
Let k be 6/(-1) + 5436/9. Let n = k - 444. Calculate the highest common factor of n and 539.
77
Let w be ((-20)/6)/((-1)/9). Let u = 3153 - 3111. Calculate the highest common divisor of u and w.
6
Let r = -13802 + 15916. Calculate the highest common divisor of 14 and r.
14
Suppose 0 = 2*q - 3*q + 80. Let n = 301 - 280. Suppose 5 - n = -p. Calculate the greatest common divisor of p and q.
16
Suppose m = 5*z + 122, 0*m = -m + 2*z + 116. Suppose 0 = -n + 4*b + 9, -87*n + 88*n + b = 24. Calculate the highest common factor of n and m.
7
Let v(p) = 3*p**2 - 23*p + 9. Let b be v(9). Suppose -2*q - 20 = 2*n - 78, -n - 5*q + b = 0. Calculate the highest common divisor of 10 and n.
5
Let i(j) = -j**3 - 7*j**2 - 7*j - 8. Let f be i(-6). Let a be 96/9*(-3)/f. Let t be 4/(-14) - 5050/(-35). What is the highest common factor of a and t?
16
Let g = -249862 + 249879. Suppose 3*o - 42 = 150. Suppose -y = -72 - o. Calculate the greatest common divisor of g and y.
17
Suppose -10*q + 7884 = -4696. Calculate the highest common factor of q and 111.
37
Let w be 585/90 + 1/2. Let j be 34*(-1)/w*(-560)/40. What is the greatest common factor of 51 and j?
17
Let q = 194 + -216. Let v = 33 - q. Calculate the greatest common factor of 495 and v.
55
Let a be 4/5 + (-184)/(-20) + 18. What is the greatest common divisor of 35196 and a?
28
Suppose 17*m + 3936 = 6*m + 12472. What is the highest common factor of m and 40?
8
Suppose -3*u - 4247 = -8*u - n, -n + 2547 = 3*u. Suppose -u = -8*r - 130. Calculate the greatest common factor of 5 and r.
5
